s the hundred millions digit of 221826561?
2
What is the hundred thousands digit of 103371495?
3
What is the units digit of 250233012?
2
What is the units digit of 1380925196?
6
What is the tens digit of 29209052?
5
What is the ten millions digit of 564695790?
6
What is the thousands digit of 271095577?
5
What is the hundred thousands digit of 17618691?
6
What is the tens digit of 493730070?
7
What is the ten millions digit of 37915566?
3
What is the tens digit of 178063214?
1
What is the millions digit of 227018490?
7
What is the hundreds digit of 110955384?
3
What is the units digit of 824699?
9
What is the ten thousands digit of 742769501?
6
What is the thousands digit of 3707262911?
2
What is the millions digit of 3694258208?
4
What is the thousands digit of 34995555?
5
What is the thousands digit of 78524545?
4
What is the hundreds digit of 1294733314?
3
What is the tens digit of 20210908?
0
What is the hundred thousands digit of 33665705?
6
What is the millions digit of 69576568?
9
What is the billions digit of 6243147983?
6
What is the hundred thousands digit of 918760302?
7
What is the millions digit of 473075013?
3
What is the thousands digit of 447824814?
4
What is the tens digit of 24967209?
0
What is the hundreds digit of 237011213?
2
What is the ten millions digit of 821596922?
2
What is the ten thousands digit of 312202450?
0
What is the ten thousands digit of 92521752?
2
What is the millions digit of 624690247?
4
What is the millions digit of 603846279?
3
What is the ten thousands digit of 3997651638?
5
What is the thousands digit of 745282525?
2
What is the ten millions digit of 2381882552?
8
What is the tens digit of 49781693?
9
What is the hundreds digit of 94582647?
6
What is the hundred thousands digit of 2317586222?
5
What is the ten millions digit of 2112753257?
1
What is the tens digit of 177407831?
3
What is the units digit of 1507988751?
1
What is the ten thousands digit of 249548757?
4
What is the ten millions digit of 61200359?
6
What is the billions digit of 1356420113?
1
What is the units digit of 5115258678?
8
What is the thousands digit of 256555311?
5
What is the units digit of 1202989507?
7
What is the ten thousands digit of 157451246?
5
What is the millions digit of 4832409160?
2
What is the hundred thousands digit of 337840351?
8
What is the ten thousands digit of 92449553?
4
What is the ten millions digit of 49519936?
4
What is the billions digit of 4842685063?
4
What is the ten millions digit of 438219880?
3
What is the millions digit of 52390959?
2
What is the hundred thousands digit of 29477292?
4
What is the hundreds digit of 175584559?
5
What is the millions digit of 495905284?
5
What is the millions digit of 206256608?
6
What is the hundred thousands digit of 935246507?
2
What is the tens digit of 496756595?
9
What is the hundred thousands digit of 171120433?
1
What is the hundreds digit of 977162216?
2
What is the ten millions digit of 1887775554?
8
What is the thousands digit of 2044449652?
9
What is the millions digit of 347009924?
7
What is the millions digit of 82716206?
2
What is the units digit of 76366403?
3
What is the millions digit of 125724751?
5
What is the hundreds digit of 1103972674?
6
What is the tens digit of 1373487389?
8
What is the tens digit of 7144455237?
3
What is the millions digit of 183073786?
3
What is the thousands digit of 3318329?
8
What is the ten millions digit of 42333404?
4
What is the tens digit of 2265944452?
5
What is the hundred millions digit of 145166633?
1
What is the millions digit of 264604975?
4
What is the ten millions digit of 38863477?
3
What is the ten thousands digit of 547669630?
6
What is the thousands digit of 287958135?
8
What is the hundred thousands digit of 48220273?
2
What is the hundreds digit of 3168598841?
8
What is the hundreds digit of 3527125055?
0
What is the millions digit of 1011099166?
1
What is the millions digit of 2438424314?
8
What is the units digit of 102313369?
9
What is the hundreds digit of 47752134?
1
What is the hundreds digit of 89187546?
5
What is the ten thousands digit of 4557422?
5
What is the thousands digit of 29357914?
7
What is the tens digit of 65987979?
7
What is the thousands digit of 2118086879?
6
What is the thousands digit of 41632559?
2
What is the units digit of 131715042?
2
What is the hundred thousands digit of 461129962?
1
What is the millions digit of 615969623?
5
What is the ten thousands digit of 154389058?
8
What is the units digit of 372922864?
4
What is the millions digit of 29410547?
9
What is the millions digit of 3819025556?
9
What is the thousands digit of 91810984?
0
What is the hundred thousands digit of 870239647?
2
What is the tens digit of 134416410?
1
What is the millions digit of 186814504?
6
What is the hundred thousands digit of 51958186?
9
What is the ten millions digit of 46414961?
4
What is the millions digit of 2115548686?
5
What is the hundreds digit of 184755357?
3
What is the hundred thousands digit of 1226174985?
1
What is the ten millions digit of 7207581942?
0
What is the ten thousands digit of 8530293?
3
What is the units digit of 1422973533?
3
What is the ten thousands digit of 36447288?
4
What is the billions digit of 2643649189?
2
What is the hundred thousands digit of 43072150?
0
What is the hundred thousands digit of 119559898?
5
What is the hundred thousands digit of 218708064?
7
What is the units digit of 131878842?
2
What is the ten thousands digit of 723566306?
6
What is the ten millions digit of 456643181?
5
What is the hundreds digit of 56049545?
5
What is the units digit of 41953638?
8
What is the hundreds digit of 418808078?
0
What is the tens digit of 52011103?
0
What is the hundreds digit of 1067345286?
2
What is the thousands digit of 650758316?
8
What is the tens digit of 3256581432?
3
What is the tens digit of 15225459?
5
What is the hundred thousands digit of 99581951?
5
What is the tens digit of 1362242658?
5
What is the units digit of 1642393138?
8
What is the millions digit of 919270623?
9
What is the billions digit of 2597483218?
2
What is the thousands digit of 1004681844?
1
What is the ten thousands digit of 7134899?
3
What is the thousands digit of 2316096140?
6
What is the hundred millions digit of 1072158826?
0
What is the tens digit of 91672573?
7
What is the millions digit of 908202985?
8
What is the millions digit of 4246040?
4
What is the millions digit of 179598621?
9
What is the thousands digit of 814748001?
8
What is the hundreds digit of 33933117?
1
What is the ten millions digit of 178806541?
7
What is the units digit of 748281123?
3
What is the hundred thousands digit of 586511388?
5
What is the millions digit of 6469441?
6
What is the ten thousands digit of 134685745?
8
What is the millions digit of 169481541?
9
What is the ten thousands digit of 9331486?
3
What is the thousands digit of 4345803060?
3
What is the tens digit of 57995641?
4
What is the units digit of 39486424?
4
What is the thousands digit of 7861408281?
8
What is the tens digit of 8235150710?
1
What is the hundred millions digit of 161516314?
1
What is the ten thousands digit of 2119482094?
8
What is the tens digit of 293880315?
1
What is the units digit of 418272280?
0
What is the thousands digit of 34556681?
6
What is the units digit of 2301065300?
0
What is the units digit of 5978857273?
3
What is the thousands digit of 57173974?
3
What is the tens digit of 363810747?
4
What is the ten thousands digit of 41934444?
3
What is the millions digit of 3487162788?
7
What is the hundred thousands digit of 402321673?
3
What is the units digit of 8494668994?
4
What is the hundred thousands digit of 80887969?
8
What is the thousands digit of 1802395895?
5
What is the tens digit of 6202104?
0
What is the units digit of 272804791?
1
What is the ten millions digit of 137605764?
3
What is the ten thousands digit of 1240431036?
3
What is the hundred thousands digit of 612075?
6
What is the thousands digit of 2214167882?
7
What is the ten thousands digit of 15700820?
0
What is the hundred millions digit of 167306257?
1
What is the hundred millions digit of 886466635?
8
What is the hundred thousands digit of 863613022?
6
What is the ten thousands digit of 53642094?
4
What is the te